{"id":5008,"date":"2015-09-15T22:04:50","date_gmt":"2015-09-15T22:04:50","guid":{"rendered":"http:\/\/sxpolitics.org\/ptbr\/?page_id=5008"},"modified":"2015-09-15T22:04:50","modified_gmt":"2015-09-15T22:04:50","slug":"pesquisa-e-politica","status":"publish","type":"page","link":"https:\/\/sxpolitics.org\/ptbr\/pesquisa-e-politica","title":{"rendered":"Pesquisa e Pol\u00edtica"},"content":{"rendered":"<div id=\"stcpDiv\">\n<p>Em 2013, o Observat\u00f3rio de Pol\u00edtica e Sexualidade (SPW) come\u00e7ou a implementar um programa de forma\u00e7\u00e3o voltado para refletir como teoria, pesquisa e pol\u00edtica podem influenciar mudan\u00e7as sociais significativas. Os participantes foram selecionados de todo o globo, com prioridade para pa\u00edses do Sul Global.<\/p>\n<p><img fetchpriority=\"high\" decoding=\"async\" class=\"aligncenter size-full wp-image-11361\" src=\"\/wp-content\/uploads\/2014\/11\/trainning2013.jpg\" alt=\"trainning2013\" width=\"846\" height=\"233\" \/><\/p>\n<p><a href=\"\/wp-content\/uploads\/2014\/11\/trainning1.jpg\"><img decoding=\"async\" class=\" wp-image-11416 alignright\" src=\"\/wp-content\/uploads\/2014\/11\/trainning1-300x132.jpg\" alt=\"trainning1\" width=\"212\" height=\"93\" \/><\/a>O primeiro workshop aconteceu no Rio de Janeiro em mar\u00e7o de 2013, com 18 jovens pesquisadores e ativistas de Angola, Argentina, Brasil, Camar\u00f5es, China, Egito, \u00cdndia, M\u00e9xico, Filipinas, Senegal, \u00c1frica do Sul, Trinidade e Tobago (<a href=\"http:\/\/sxpolitics.org\/spw-activities-33\/8005\" target=\"_blank\" rel=\"noopener\">saiba mais aqui em ingl\u00eas<\/a>). O relat\u00f3rio final est\u00e1 dispon\u00edvel <a href=\"https:\/\/docs.google.com\/file\/d\/0BxRjD38pp0hyOUFvQjdLdnJxaGlqNmNzT3p6cTlUWXNicDBr\/edit\" target=\"_blank\" rel=\"noopener\">aqui<\/a>.<\/p>\n<p><a href=\"\/wp-content\/uploads\/2014\/11\/foto_training.jpg\"><img decoding=\"async\" class=\"alignleft wp-image-11417\" src=\"\/wp-content\/uploads\/2014\/11\/foto_training-300x199.jpg\" alt=\"foto_training\" width=\"244\" height=\"162\" \/><\/a>O segundo workshop (<a href=\"http:\/\/sxpolitics.org\/spw-activities-35\/8388\" target=\"_blank\" rel=\"noopener\">em ingl\u00eas<\/a>) ocorreu em Buenos Aires em agosto do mesmo ano, pouco antes da Confer\u00eancia da Associa\u00e7\u00e3o Internacional para o Estudo de Sexualidade, Cultura e Sociedade (IASSCS). <a href=\"http:\/\/sxpolitics.org\/ptbr\/wp-content\/uploads\/sites\/2\/2015\/09\/Bs.As-Participants-.pdf\">Participaram ativistas e pesquisadores<\/a> de Argentina, Brasil, China, Equador, \u00cdndia, M\u00e9xico, Nig\u00e9ria, Filipinas, Sri Lanka, Tail\u00e2ndia, Quirguist\u00e3o, Ucr\u00e2nia e Estados Unidos.<\/p>\n<p>&nbsp;<\/p>\n<p>Os mentores dos treinamentos foram <a href=\"http:\/\/sxpolitics.org\/ptbr\/wp-content\/uploads\/sites\/2\/2015\/09\/resource-persons3.pdf\">membros, parceiros e colaboradores do SPW<\/a>. O pr\u00f3ximo treinamento est\u00e1 planejado para 2016.<\/p>\n<\/div>\n","protected":false},"excerpt":{"rendered":"<p>Em 2013, o Observat\u00f3rio de Pol\u00edtica e Sexualidade (SPW) come\u00e7ou a implementar um programa de forma\u00e7\u00e3o voltado para refletir como teoria, pesquisa e pol\u00edtica podem<\/p>\n","protected":false},"author":1,"featured_media":0,"parent":0,"menu_order":0,"comment_status":"closed","ping_status":"closed","template":"","meta":{"_acf_changed":false,"_monsterinsights_skip_tracking":false,"_monsterinsights_sitenote_active":false,"_monsterinsights_sitenote_note":"","_monsterinsights_sitenote_category":0,"footnotes":""},"class_list":["post-5008","page","type-page","status-publish"],"acf":[],"yoast_head":"<!-- This site is optimized with the Yoast SEO plugin v27.1.1 - https:\/\/yoast.com\/product\/yoast-seo-wordpress\/ -->\n<title>Pesquisa e Pol\u00edtica - Sexuality Policy Watch [PTBR]<\/title>\n<meta name=\"robots\" content=\"index, follow, max-snippet:-1, max-image-preview:large, max-video-preview:-1\" \/>\n<link rel=\"canonical\" href=\"https:\/\/sxpolitics.org\/ptbr\/pesquisa-e-politica\" \/>\n<meta property=\"og:locale\" content=\"pt_BR\" \/>\n<meta property=\"og:type\" content=\"article\" \/>\n<meta property=\"og:title\" content=\"Pesquisa e Pol\u00edtica - Sexuality Policy Watch [PTBR]\" \/>\n<meta property=\"og:description\" content=\"Em 2013, o Observat\u00f3rio de Pol\u00edtica e Sexualidade (SPW) come\u00e7ou a implementar um programa de forma\u00e7\u00e3o voltado para refletir como teoria, pesquisa e pol\u00edtica podem\" \/>\n<meta property=\"og:url\" content=\"https:\/\/sxpolitics.org\/ptbr\/pesquisa-e-politica\" \/>\n<meta property=\"og:site_name\" content=\"Sexuality Policy Watch [PTBR]\" \/>\n<meta name=\"twitter:card\" content=\"summary_large_image\" \/>\n<meta name=\"twitter:label1\" content=\"Est. tempo de leitura\" \/>\n\t<meta name=\"twitter:data1\" content=\"1 minuto\" \/>\n<script type=\"application\/ld+json\" class=\"yoast-schema-graph\">{\"@context\":\"https:\/\/schema.org\",\"@graph\":[{\"@type\":\"WebPage\",\"@id\":\"https:\/\/sxpolitics.org\/ptbr\/pesquisa-e-politica\",\"url\":\"https:\/\/sxpolitics.org\/ptbr\/pesquisa-e-politica\",\"name\":\"Pesquisa e Pol\u00edtica - Sexuality Policy Watch [PTBR]\",\"isPartOf\":{\"@id\":\"https:\/\/sxpolitics.org\/ptbr\/#website\"},\"datePublished\":\"2015-09-15T22:04:50+00:00\",\"breadcrumb\":{\"@id\":\"https:\/\/sxpolitics.org\/ptbr\/pesquisa-e-politica#breadcrumb\"},\"inLanguage\":\"pt-BR\",\"potentialAction\":[{\"@type\":\"ReadAction\",\"target\":[\"https:\/\/sxpolitics.org\/ptbr\/pesquisa-e-politica\"]}]},{\"@type\":\"BreadcrumbList\",\"@id\":\"https:\/\/sxpolitics.org\/ptbr\/pesquisa-e-politica#breadcrumb\",\"itemListElement\":[{\"@type\":\"ListItem\",\"position\":1,\"name\":\"Home\",\"item\":\"https:\/\/sxpolitics.org\/ptbr\/\"},{\"@type\":\"ListItem\",\"position\":2,\"name\":\"Pesquisa e Pol\u00edtica\"}]},{\"@type\":\"WebSite\",\"@id\":\"https:\/\/sxpolitics.org\/ptbr\/#website\",\"url\":\"https:\/\/sxpolitics.org\/ptbr\/\",\"name\":\"Sexuality Policy Watch [PTBR]\",\"description\":\"Um f\u00f3rum global composto por pesquisadores e ativistas de uma ampla gama de pa\u00edses e regi\u00f5es do mundo sites\",\"publisher\":{\"@id\":\"https:\/\/sxpolitics.org\/ptbr\/#organization\"},\"potentialAction\":[{\"@type\":\"SearchAction\",\"target\":{\"@type\":\"EntryPoint\",\"urlTemplate\":\"https:\/\/sxpolitics.org\/ptbr\/?s={search_term_string}\"},\"query-input\":{\"@type\":\"PropertyValueSpecification\",\"valueRequired\":true,\"valueName\":\"search_term_string\"}}],\"inLanguage\":\"pt-BR\"},{\"@type\":\"Organization\",\"@id\":\"https:\/\/sxpolitics.org\/ptbr\/#organization\",\"name\":\"Sexuality Policy Watch [PTBR]\",\"url\":\"https:\/\/sxpolitics.org\/ptbr\/\",\"logo\":{\"@type\":\"ImageObject\",\"inLanguage\":\"pt-BR\",\"@id\":\"https:\/\/sxpolitics.org\/ptbr\/#\/schema\/logo\/image\/\",\"url\":\"https:\/\/sxpolitics.org\/ptbr\/wp-content\/uploads\/sites\/3\/2023\/06\/logo-site-1.png\",\"contentUrl\":\"https:\/\/sxpolitics.org\/ptbr\/wp-content\/uploads\/sites\/3\/2023\/06\/logo-site-1.png\",\"width\":4628,\"height\":1306,\"caption\":\"Sexuality Policy Watch [PTBR]\"},\"image\":{\"@id\":\"https:\/\/sxpolitics.org\/ptbr\/#\/schema\/logo\/image\/\"}}]}<\/script>\n<!-- \/ Yoast SEO plugin. -->","yoast_head_json":{"title":"Pesquisa e Pol\u00edtica - Sexuality Policy Watch [PTBR]","robots":{"index":"index","follow":"follow","max-snippet":"max-snippet:-1","max-image-preview":"max-image-preview:large","max-video-preview":"max-video-preview:-1"},"canonical":"https:\/\/sxpolitics.org\/ptbr\/pesquisa-e-politica","og_locale":"pt_BR","og_type":"article","og_title":"Pesquisa e Pol\u00edtica - Sexuality Policy Watch [PTBR]","og_description":"Em 2013, o Observat\u00f3rio de Pol\u00edtica e Sexualidade (SPW) come\u00e7ou a implementar um programa de forma\u00e7\u00e3o voltado para refletir como teoria, pesquisa e pol\u00edtica podem","og_url":"https:\/\/sxpolitics.org\/ptbr\/pesquisa-e-politica","og_site_name":"Sexuality Policy Watch [PTBR]","twitter_card":"summary_large_image","twitter_misc":{"Est. tempo de leitura":"1 minuto"},"schema":{"@context":"https:\/\/schema.org","@graph":[{"@type":"WebPage","@id":"https:\/\/sxpolitics.org\/ptbr\/pesquisa-e-politica","url":"https:\/\/sxpolitics.org\/ptbr\/pesquisa-e-politica","name":"Pesquisa e Pol\u00edtica - Sexuality Policy Watch [PTBR]","isPartOf":{"@id":"https:\/\/sxpolitics.org\/ptbr\/#website"},"datePublished":"2015-09-15T22:04:50+00:00","breadcrumb":{"@id":"https:\/\/sxpolitics.org\/ptbr\/pesquisa-e-politica#breadcrumb"},"inLanguage":"pt-BR","potentialAction":[{"@type":"ReadAction","target":["https:\/\/sxpolitics.org\/ptbr\/pesquisa-e-politica"]}]},{"@type":"BreadcrumbList","@id":"https:\/\/sxpolitics.org\/ptbr\/pesquisa-e-politica#breadcrumb","itemListElement":[{"@type":"ListItem","position":1,"name":"Home","item":"https:\/\/sxpolitics.org\/ptbr\/"},{"@type":"ListItem","position":2,"name":"Pesquisa e Pol\u00edtica"}]},{"@type":"WebSite","@id":"https:\/\/sxpolitics.org\/ptbr\/#website","url":"https:\/\/sxpolitics.org\/ptbr\/","name":"Sexuality Policy Watch [PTBR]","description":"Um f\u00f3rum global composto por pesquisadores e ativistas de uma ampla gama de pa\u00edses e regi\u00f5es do mundo sites","publisher":{"@id":"https:\/\/sxpolitics.org\/ptbr\/#organization"},"potentialAction":[{"@type":"SearchAction","target":{"@type":"EntryPoint","urlTemplate":"https:\/\/sxpolitics.org\/ptbr\/?s={search_term_string}"},"query-input":{"@type":"PropertyValueSpecification","valueRequired":true,"valueName":"search_term_string"}}],"inLanguage":"pt-BR"},{"@type":"Organization","@id":"https:\/\/sxpolitics.org\/ptbr\/#organization","name":"Sexuality Policy Watch [PTBR]","url":"https:\/\/sxpolitics.org\/ptbr\/","logo":{"@type":"ImageObject","inLanguage":"pt-BR","@id":"https:\/\/sxpolitics.org\/ptbr\/#\/schema\/logo\/image\/","url":"https:\/\/sxpolitics.org\/ptbr\/wp-content\/uploads\/sites\/3\/2023\/06\/logo-site-1.png","contentUrl":"https:\/\/sxpolitics.org\/ptbr\/wp-content\/uploads\/sites\/3\/2023\/06\/logo-site-1.png","width":4628,"height":1306,"caption":"Sexuality Policy Watch [PTBR]"},"image":{"@id":"https:\/\/sxpolitics.org\/ptbr\/#\/schema\/logo\/image\/"}}]}},"_links":{"self":[{"href":"https:\/\/sxpolitics.org\/ptbr\/wp-json\/wp\/v2\/pages\/5008","targetHints":{"allow":["GET"]}}],"collection":[{"href":"https:\/\/sxpolitics.org\/ptbr\/wp-json\/wp\/v2\/pages"}],"about":[{"href":"https:\/\/sxpolitics.org\/ptbr\/wp-json\/wp\/v2\/types\/page"}],"author":[{"embeddable":true,"href":"https:\/\/sxpolitics.org\/ptbr\/wp-json\/wp\/v2\/users\/1"}],"replies":[{"embeddable":true,"href":"https:\/\/sxpolitics.org\/ptbr\/wp-json\/wp\/v2\/comments?post=5008"}],"version-history":[{"count":0,"href":"https:\/\/sxpolitics.org\/ptbr\/wp-json\/wp\/v2\/pages\/5008\/revisions"}],"wp:attachment":[{"href":"https:\/\/sxpolitics.org\/ptbr\/wp-json\/wp\/v2\/media?parent=5008"}],"curies":[{"name":"wp","href":"https:\/\/api.w.org\/{rel}","templated":true}]}}