{"id":26412,"date":"2024-11-12T13:43:00","date_gmt":"2024-11-12T16:43:00","guid":{"rendered":"https:\/\/spw.fw2web.com.br\/ptbr\/?page_id=26412"},"modified":"2026-03-06T14:08:17","modified_gmt":"2026-03-06T17:08:17","slug":"equipe","status":"publish","type":"page","link":"https:\/\/sxpolitics.org\/ptbr\/equipe","title":{"rendered":"Equipe"},"content":{"rendered":"\t\t<div data-elementor-type=\"wp-page\" data-elementor-id=\"26412\" class=\"elementor elementor-26412\" data-elementor-settings=\"{&quot;ha_cmc_init_switcher&quot;:&quot;no&quot;}\">\n\t\t\t\t\t\t<section class=\"elementor-section elementor-top-section elementor-element elementor-element-421b87f elementor-section-full_width elementor-section-stretched elementor-section-height-default elementor-section-height-default\" data-id=\"421b87f\" data-element_type=\"section\" data-e-type=\"section\" data-settings=\"{&quot;background_background&quot;:&quot;classic&quot;,&quot;stretch_section&quot;:&quot;section-stretched&quot;,&quot;_ha_eqh_enable&quot;:false}\">\n\t\t\t\t\t\t\t<div class=\"elementor-background-overlay\"><\/div>\n\t\t\t\t\t\t\t<div class=\"elementor-container elementor-column-gap-no\">\n\t\t\t\t\t<div class=\"elementor-column elementor-col-100 elementor-top-column elementor-element elementor-element-74c225a\" data-id=\"74c225a\" data-element_type=\"column\" data-e-type=\"column\">\n\t\t\t<div class=\"elementor-widget-wrap elementor-element-populated\">\n\t\t\t\t\t\t<section class=\"elementor-section elementor-inner-section elementor-element elementor-element-d4c461c elementor-section-boxed elementor-section-height-default elementor-section-height-default\" data-id=\"d4c461c\" data-element_type=\"section\" data-e-type=\"section\" data-settings=\"{&quot;_ha_eqh_enable&quot;:false}\">\n\t\t\t\t\t\t\t<div class=\"elementor-background-overlay\"><\/div>\n\t\t\t\t\t\t\t<div class=\"elementor-container elementor-column-gap-default\">\n\t\t\t\t\t<div class=\"elementor-column elementor-col-50 elementor-inner-column elementor-element elementor-element-568cbde\" data-id=\"568cbde\" data-element_type=\"column\" data-e-type=\"column\">\n\t\t\t<div class=\"elementor-widget-wrap elementor-element-populated\">\n\t\t\t\t\t\t<div class=\"elementor-element elementor-element-64febdc elementor-widget elementor-widget-heading\" data-id=\"64febdc\" data-element_type=\"widget\" data-e-type=\"widget\" data-widget_type=\"heading.default\">\n\t\t\t\t<div class=\"elementor-widget-container\">\n\t\t\t\t\t<h2 class=\"elementor-heading-title elementor-size-default\">Quem Somos<\/h2>\t\t\t\t<\/div>\n\t\t\t\t<\/div>\n\t\t\t\t\t<\/div>\n\t\t<\/div>\n\t\t\t\t<div class=\"elementor-column elementor-col-50 elementor-inner-column elementor-element elementor-element-d3fc07c\" data-id=\"d3fc07c\" data-element_type=\"column\" data-e-type=\"column\">\n\t\t\t<div class=\"elementor-widget-wrap\">\n\t\t\t\t\t\t\t<\/div>\n\t\t<\/div>\n\t\t\t\t\t<\/div>\n\t\t<\/section>\n\t\t\t\t\t<\/div>\n\t\t<\/div>\n\t\t\t\t\t<\/div>\n\t\t<\/section>\n\t\t\t\t<section class=\"elementor-section elementor-top-section elementor-element elementor-element-1f3558c animated-slow elementor-section-boxed elementor-section-height-default elementor-section-height-default elementor-invisible\" data-id=\"1f3558c\" data-element_type=\"section\" data-e-type=\"section\" data-settings=\"{&quot;background_background&quot;:&quot;classic&quot;,&quot;animation&quot;:&quot;fadeInUp&quot;,&quot;_ha_eqh_enable&quot;:false}\">\n\t\t\t\t\t\t<div class=\"elementor-container elementor-column-gap-no\">\n\t\t\t\t\t<div class=\"elementor-column elementor-col-100 elementor-top-column elementor-element elementor-element-dc1f44e\" data-id=\"dc1f44e\" data-element_type=\"column\" data-e-type=\"column\">\n\t\t\t<div class=\"elementor-widget-wrap elementor-element-populated\">\n\t\t\t\t\t\t<div class=\"elementor-element elementor-element-6295ed4 elementor-widget elementor-widget-heading\" data-id=\"6295ed4\" data-element_type=\"widget\" data-e-type=\"widget\" data-widget_type=\"heading.default\">\n\t\t\t\t<div class=\"elementor-widget-container\">\n\t\t\t\t\t<h3 class=\"elementor-heading-title elementor-size-default\">Equipe<\/h3>\t\t\t\t<\/div>\n\t\t\t\t<\/div>\n\t\t\t\t<div class=\"elementor-element elementor-element-373b371 elementor-widget elementor-widget-text-editor\" data-id=\"373b371\" data-element_type=\"widget\" data-e-type=\"widget\" data-widget_type=\"text-editor.default\">\n\t\t\t\t<div class=\"elementor-widget-container\">\n\t\t\t\t\t\t\t\t\t<p>O SPW \u00e9 um projeto secretariado da <a href=\"https:\/\/abiaids.org.br\/\" target=\"_blank\" rel=\"noopener\">Associa\u00e7\u00e3o Brasileira Interdisciplinar de AIDS<\/a> (ABIA) e \u00e9 co-dirigido por Richard Parker e Sonia Corr\u00eaa.<\/p><p><strong>Richard Parker<\/strong> \u00e9 Professor Em\u00e9rito de Ci\u00eancias Sociom\u00e9dicas e Antropologia e membro do Comit\u00ea de Pensamento Global da Universidade de Columbia, presidente da Associa\u00e7\u00e3o Brasileira Interdisciplinar de AIDS (ABIA) e editor-chefe da revista Global Public Health.<\/p><p><strong>Sonia Corr\u00eaa<\/strong> est\u00e1 envolvida em atividades de pesquisa e defesa relacionadas \u00e0 igualdade de g\u00eanero, sa\u00fade e sexualidade desde o final da d\u00e9cada de 1970. Publicou extensivamente em portugu\u00eas, ingl\u00eas e espanhol e deu palestras em v\u00e1rias institui\u00e7\u00f5es acad\u00eamicas. Ela tamb\u00e9m \u00e9 do Conselho Editorial da s\u00e9rie de livros da Palgrave em <em>Global Queer Politics.<\/em><\/p><p>Tanto Richard quanto S\u00f4nia s\u00e3o membros do Conselho Editorial da S\u00e9rie de Livros <em>Sexuality, Culture and Health <\/em>da Routledge.<\/p><p>A equipe atual da SPW \u00e9 composta por Nana Soares, com colabora\u00e7\u00e3o de F\u00e1bio Grotz e Marcelle Matias.<\/p><p><strong>Nana Soares<\/strong> \u00e9 escritora e pesquisadora sobre g\u00eanero, sexualidades e direitos humanos, tendo publicado em diversos ve\u00edculos no Brasil e no exterior. Estudou Jornalismo na Universidade de S\u00e3o Paulo (USP) e tem mestrado em G\u00eanero e Desenvolvimento pelo Institute of Development Studies (IDS), no Reino Unido. \u00c9 assessora de projetos do SPW desde 2021.<\/p><p>\u00a0<\/p><p><strong>F\u00e1bio Grotz Majerowicz<\/strong> \u00e9 jornalista formado pela Universidade do Estado do Rio de Janeiro (UERJ). Possui doutorado em Comunica\u00e7\u00e3o Social tamb\u00e9m pela UERJ e tem experi\u00eancia no campo dos Direitos Humanos e na \u00e1rea de Comunica\u00e7\u00e3o Organizacional. Colabora com o SPW desde 2013.<\/p><p><strong>Marcelle Matias <\/strong>\u00e9 graduada em Licenciatura em Educomunica\u00e7\u00e3o pela Escola de Comunica\u00e7\u00f5es e Artes da Universidade de S\u00e3o Paulo (ECA-USP). Realizou pesquisas sobre televis\u00e3o brasileira (2018) e viol\u00eancias digitais (2019) a partir do Programa Unificado de Bolsas para Estudantes da Gradua\u00e7\u00e3o da USP. Atua como gestora de redes sociais, facilitadora gr\u00e1fica, pesquisadora de m\u00eddia, ra\u00e7a, g\u00eanero e direitos humanos. Colabora na Comunica\u00e7\u00e3o no SPW.<\/p>\t\t\t\t\t\t\t\t<\/div>\n\t\t\t\t<\/div>\n\t\t\t\t\t<\/div>\n\t\t<\/div>\n\t\t\t\t\t<\/div>\n\t\t<\/section>\n\t\t\t\t<section class=\"elementor-section elementor-top-section elementor-element elementor-element-92ae660 elementor-section-boxed elementor-section-height-default elementor-section-height-default\" data-id=\"92ae660\" data-element_type=\"section\" data-e-type=\"section\" data-settings=\"{&quot;background_background&quot;:&quot;classic&quot;,&quot;_ha_eqh_enable&quot;:false}\">\n\t\t\t\t\t\t<div class=\"elementor-container elementor-column-gap-default\">\n\t\t\t\t\t<div class=\"elementor-column elementor-col-100 elementor-top-column elementor-element elementor-element-6a721cb animated-slow elementor-invisible\" data-id=\"6a721cb\" data-element_type=\"column\" data-e-type=\"column\" data-settings=\"{&quot;animation&quot;:&quot;fadeInLeft&quot;}\">\n\t\t\t<div class=\"elementor-widget-wrap elementor-element-populated\">\n\t\t\t\t\t\t<div class=\"elementor-element elementor-element-253a0fb elementor-widget elementor-widget-text-editor\" data-id=\"253a0fb\" data-element_type=\"widget\" data-e-type=\"widget\" data-widget_type=\"text-editor.default\">\n\t\t\t\t<div class=\"elementor-widget-container\">\n\t\t\t\t\t\t\t\t\t<h3>Desde a sua cria\u00e7\u00e3o em 2002, a SPW contou com a parceria e a colabora\u00e7\u00e3o de mais de cem pesquisadores e ativistas. Muitos deles participaram de grupos consultivos, um n\u00famero ainda maior colaborou com nossos v\u00e1rios projetos de pesquisa transnacionais, como editores de relat\u00f3rios de pesquisa, trainees, parceiros nas muitas iniciativas interseccionais em que estivemos envolvidos ou mesmo como participantes de eventos e debates que promovemos ao longo desses muitos anos. N\u00e3o \u00e9 poss\u00edvel citar aqui o nome de todas essas pessoas, e algumas delas j\u00e1 faleceram. Mas a todas deixamos nossa imensa gratid\u00e3o por sua confian\u00e7a e generosidade.<\/h3>\t\t\t\t\t\t\t\t<\/div>\n\t\t\t\t<\/div>\n\t\t\t\t\t<\/div>\n\t\t<\/div>\n\t\t\t\t\t<\/div>\n\t\t<\/section>\n\t\t\t\t<section class=\"elementor-section elementor-top-section elementor-element elementor-element-0731f31 elementor-section-boxed elementor-section-height-default elementor-section-height-default\" data-id=\"0731f31\" data-element_type=\"section\" data-e-type=\"section\" data-settings=\"{&quot;_ha_eqh_enable&quot;:false}\">\n\t\t\t\t\t\t<div class=\"elementor-container elementor-column-gap-default\">\n\t\t\t\t\t<div class=\"elementor-column elementor-col-100 elementor-top-column elementor-element elementor-element-806f025\" data-id=\"806f025\" data-element_type=\"column\" data-e-type=\"column\">\n\t\t\t<div class=\"elementor-widget-wrap\">\n\t\t\t\t\t\t\t<\/div>\n\t\t<\/div>\n\t\t\t\t\t<\/div>\n\t\t<\/section>\n\t\t\t\t<\/div>\n\t\t","protected":false},"excerpt":{"rendered":"<p>Quem Somos Equipe O SPW \u00e9 um projeto secretariado da Associa\u00e7\u00e3o Brasileira Interdisciplinar de AIDS (ABIA) e \u00e9 co-dirigido por Richard Parker e Sonia Corr\u00eaa.<\/p>\n","protected":false},"author":1,"featured_media":0,"parent":0,"menu_order":0,"comment_status":"open","ping_status":"closed","template":"elementor_header_footer","meta":{"_acf_changed":false,"_monsterinsights_skip_tracking":false,"_monsterinsights_sitenote_active":false,"_monsterinsights_sitenote_note":"","_monsterinsights_sitenote_category":0,"footnotes":""},"class_list":["post-26412","page","type-page","status-publish"],"acf":[],"yoast_head":"<!-- This site is optimized with the Yoast SEO plugin v27.1.1 - https:\/\/yoast.com\/product\/yoast-seo-wordpress\/ -->\n<title>Equipe - Sexuality Policy Watch [PTBR]<\/title>\n<meta name=\"robots\" content=\"index, follow, max-snippet:-1, max-image-preview:large, max-video-preview:-1\" \/>\n<link rel=\"canonical\" href=\"https:\/\/sxpolitics.org\/ptbr\/equipe\" \/>\n<meta property=\"og:locale\" content=\"pt_BR\" \/>\n<meta property=\"og:type\" content=\"article\" \/>\n<meta property=\"og:title\" content=\"Equipe - Sexuality Policy Watch [PTBR]\" \/>\n<meta property=\"og:description\" content=\"Quem Somos Equipe O SPW \u00e9 um projeto secretariado da Associa\u00e7\u00e3o Brasileira Interdisciplinar de AIDS (ABIA) e \u00e9 co-dirigido por Richard Parker e Sonia Corr\u00eaa.\" \/>\n<meta property=\"og:url\" content=\"https:\/\/sxpolitics.org\/ptbr\/equipe\" \/>\n<meta property=\"og:site_name\" content=\"Sexuality Policy Watch [PTBR]\" \/>\n<meta property=\"article:modified_time\" content=\"2026-03-06T17:08:17+00:00\" \/>\n<meta name=\"twitter:card\" content=\"summary_large_image\" \/>\n<meta name=\"twitter:label1\" content=\"Est. tempo de leitura\" \/>\n\t<meta name=\"twitter:data1\" content=\"3 minutos\" \/>\n<script type=\"application\/ld+json\" class=\"yoast-schema-graph\">{\"@context\":\"https:\/\/schema.org\",\"@graph\":[{\"@type\":\"WebPage\",\"@id\":\"https:\/\/sxpolitics.org\/ptbr\/equipe\",\"url\":\"https:\/\/sxpolitics.org\/ptbr\/equipe\",\"name\":\"Equipe - Sexuality Policy Watch [PTBR]\",\"isPartOf\":{\"@id\":\"https:\/\/sxpolitics.org\/ptbr\/#website\"},\"datePublished\":\"2024-11-12T16:43:00+00:00\",\"dateModified\":\"2026-03-06T17:08:17+00:00\",\"breadcrumb\":{\"@id\":\"https:\/\/sxpolitics.org\/ptbr\/equipe#breadcrumb\"},\"inLanguage\":\"pt-BR\",\"potentialAction\":[{\"@type\":\"ReadAction\",\"target\":[\"https:\/\/sxpolitics.org\/ptbr\/equipe\"]}]},{\"@type\":\"BreadcrumbList\",\"@id\":\"https:\/\/sxpolitics.org\/ptbr\/equipe#breadcrumb\",\"itemListElement\":[{\"@type\":\"ListItem\",\"position\":1,\"name\":\"Home\",\"item\":\"https:\/\/sxpolitics.org\/ptbr\/\"},{\"@type\":\"ListItem\",\"position\":2,\"name\":\"Equipe\"}]},{\"@type\":\"WebSite\",\"@id\":\"https:\/\/sxpolitics.org\/ptbr\/#website\",\"url\":\"https:\/\/sxpolitics.org\/ptbr\/\",\"name\":\"Sexuality Policy Watch [PTBR]\",\"description\":\"Um f\u00f3rum global composto por pesquisadores e ativistas de uma ampla gama de pa\u00edses e regi\u00f5es do mundo sites\",\"publisher\":{\"@id\":\"https:\/\/sxpolitics.org\/ptbr\/#organization\"},\"potentialAction\":[{\"@type\":\"SearchAction\",\"target\":{\"@type\":\"EntryPoint\",\"urlTemplate\":\"https:\/\/sxpolitics.org\/ptbr\/?s={search_term_string}\"},\"query-input\":{\"@type\":\"PropertyValueSpecification\",\"valueRequired\":true,\"valueName\":\"search_term_string\"}}],\"inLanguage\":\"pt-BR\"},{\"@type\":\"Organization\",\"@id\":\"https:\/\/sxpolitics.org\/ptbr\/#organization\",\"name\":\"Sexuality Policy Watch [PTBR]\",\"url\":\"https:\/\/sxpolitics.org\/ptbr\/\",\"logo\":{\"@type\":\"ImageObject\",\"inLanguage\":\"pt-BR\",\"@id\":\"https:\/\/sxpolitics.org\/ptbr\/#\/schema\/logo\/image\/\",\"url\":\"https:\/\/sxpolitics.org\/ptbr\/wp-content\/uploads\/sites\/3\/2023\/06\/logo-site-1.png\",\"contentUrl\":\"https:\/\/sxpolitics.org\/ptbr\/wp-content\/uploads\/sites\/3\/2023\/06\/logo-site-1.png\",\"width\":4628,\"height\":1306,\"caption\":\"Sexuality Policy Watch [PTBR]\"},\"image\":{\"@id\":\"https:\/\/sxpolitics.org\/ptbr\/#\/schema\/logo\/image\/\"}}]}<\/script>\n<!-- \/ Yoast SEO plugin. -->","yoast_head_json":{"title":"Equipe - Sexuality Policy Watch [PTBR]","robots":{"index":"index","follow":"follow","max-snippet":"max-snippet:-1","max-image-preview":"max-image-preview:large","max-video-preview":"max-video-preview:-1"},"canonical":"https:\/\/sxpolitics.org\/ptbr\/equipe","og_locale":"pt_BR","og_type":"article","og_title":"Equipe - Sexuality Policy Watch [PTBR]","og_description":"Quem Somos Equipe O SPW \u00e9 um projeto secretariado da Associa\u00e7\u00e3o Brasileira Interdisciplinar de AIDS (ABIA) e \u00e9 co-dirigido por Richard Parker e Sonia Corr\u00eaa.","og_url":"https:\/\/sxpolitics.org\/ptbr\/equipe","og_site_name":"Sexuality Policy Watch [PTBR]","article_modified_time":"2026-03-06T17:08:17+00:00","twitter_card":"summary_large_image","twitter_misc":{"Est. tempo de leitura":"3 minutos"},"schema":{"@context":"https:\/\/schema.org","@graph":[{"@type":"WebPage","@id":"https:\/\/sxpolitics.org\/ptbr\/equipe","url":"https:\/\/sxpolitics.org\/ptbr\/equipe","name":"Equipe - Sexuality Policy Watch [PTBR]","isPartOf":{"@id":"https:\/\/sxpolitics.org\/ptbr\/#website"},"datePublished":"2024-11-12T16:43:00+00:00","dateModified":"2026-03-06T17:08:17+00:00","breadcrumb":{"@id":"https:\/\/sxpolitics.org\/ptbr\/equipe#breadcrumb"},"inLanguage":"pt-BR","potentialAction":[{"@type":"ReadAction","target":["https:\/\/sxpolitics.org\/ptbr\/equipe"]}]},{"@type":"BreadcrumbList","@id":"https:\/\/sxpolitics.org\/ptbr\/equipe#breadcrumb","itemListElement":[{"@type":"ListItem","position":1,"name":"Home","item":"https:\/\/sxpolitics.org\/ptbr\/"},{"@type":"ListItem","position":2,"name":"Equipe"}]},{"@type":"WebSite","@id":"https:\/\/sxpolitics.org\/ptbr\/#website","url":"https:\/\/sxpolitics.org\/ptbr\/","name":"Sexuality Policy Watch [PTBR]","description":"Um f\u00f3rum global composto por pesquisadores e ativistas de uma ampla gama de pa\u00edses e regi\u00f5es do mundo sites","publisher":{"@id":"https:\/\/sxpolitics.org\/ptbr\/#organization"},"potentialAction":[{"@type":"SearchAction","target":{"@type":"EntryPoint","urlTemplate":"https:\/\/sxpolitics.org\/ptbr\/?s={search_term_string}"},"query-input":{"@type":"PropertyValueSpecification","valueRequired":true,"valueName":"search_term_string"}}],"inLanguage":"pt-BR"},{"@type":"Organization","@id":"https:\/\/sxpolitics.org\/ptbr\/#organization","name":"Sexuality Policy Watch [PTBR]","url":"https:\/\/sxpolitics.org\/ptbr\/","logo":{"@type":"ImageObject","inLanguage":"pt-BR","@id":"https:\/\/sxpolitics.org\/ptbr\/#\/schema\/logo\/image\/","url":"https:\/\/sxpolitics.org\/ptbr\/wp-content\/uploads\/sites\/3\/2023\/06\/logo-site-1.png","contentUrl":"https:\/\/sxpolitics.org\/ptbr\/wp-content\/uploads\/sites\/3\/2023\/06\/logo-site-1.png","width":4628,"height":1306,"caption":"Sexuality Policy Watch [PTBR]"},"image":{"@id":"https:\/\/sxpolitics.org\/ptbr\/#\/schema\/logo\/image\/"}}]}},"_links":{"self":[{"href":"https:\/\/sxpolitics.org\/ptbr\/wp-json\/wp\/v2\/pages\/26412","targetHints":{"allow":["GET"]}}],"collection":[{"href":"https:\/\/sxpolitics.org\/ptbr\/wp-json\/wp\/v2\/pages"}],"about":[{"href":"https:\/\/sxpolitics.org\/ptbr\/wp-json\/wp\/v2\/types\/page"}],"author":[{"embeddable":true,"href":"https:\/\/sxpolitics.org\/ptbr\/wp-json\/wp\/v2\/users\/1"}],"replies":[{"embeddable":true,"href":"https:\/\/sxpolitics.org\/ptbr\/wp-json\/wp\/v2\/comments?post=26412"}],"version-history":[{"count":19,"href":"https:\/\/sxpolitics.org\/ptbr\/wp-json\/wp\/v2\/pages\/26412\/revisions"}],"predecessor-version":[{"id":29001,"href":"https:\/\/sxpolitics.org\/ptbr\/wp-json\/wp\/v2\/pages\/26412\/revisions\/29001"}],"wp:attachment":[{"href":"https:\/\/sxpolitics.org\/ptbr\/wp-json\/wp\/v2\/media?parent=26412"}],"curies":[{"name":"wp","href":"https:\/\/api.w.org\/{rel}","templated":true}]}}